{"id":102,"date":"2017-04-25T12:51:57","date_gmt":"2017-04-25T11:51:57","guid":{"rendered":"http:\/\/ferienhaus-gerrit.de\/?page_id=102"},"modified":"2026-05-09T11:05:35","modified_gmt":"2026-05-09T10:05:35","slug":"waesche-waschen","status":"publish","type":"page","link":"https:\/\/ferienhaus-gerrit.de\/?page_id=102","title":{"rendered":"W\u00e4sche waschen"},"content":{"rendered":"<p>Kann man hier auch, sogar trocknen.<br \/>\nDie Waschmaschine ist in der Kammer, rechts von der Haust\u00fcr, der Trockner steht im Schuppen (Garten).<br \/>\nAnleitungen liegen aus.<\/p>\n<p>Da das Bedienfeld auf Niederl\u00e4ndisch ist, haben wir eine hier eine \u00dcbersetzung:<br \/>\nWichtig: 1. Wenn nichts mehr geht, einfach mal den Regler auf &#8222;Aus&#8220; und Programm neu einstellen.<br \/>\n2. Wenn es unten rechts blinkt, arbeitet sie nicht.<\/p>\n<p><img loading=\"lazy\" class=\"alignnone wp-image-1051\" src=\"http:\/\/ferienhaus-gerrit.de\/wp-content\/uploads\/2023\/12\/lavamat-300x91.jpg\" alt=\"\" width=\"834\" height=\"253\" srcset=\"https:\/\/ferienhaus-gerrit.de\/wp-content\/uploads\/2023\/12\/lavamat-300x91.jpg 300w, https:\/\/ferienhaus-gerrit.de\/wp-content\/uploads\/2023\/12\/lavamat-768x234.jpg 768w, https:\/\/ferienhaus-gerrit.de\/wp-content\/uploads\/2023\/12\/lavamat.jpg 1025w\" sizes=\"(max-width: 834px) 100vw, 834px\" \/><\/p>\n","protected":false},"excerpt":{"rendered":"<p>Kann man hier auch, sogar trocknen. Die Waschmaschine ist in der Kammer, rechts von der Haust\u00fcr, der Trockner steht im Schuppen (Garten). Anleitungen liegen aus. Da das Bedienfeld auf Niederl\u00e4ndisch ist, haben wir eine hier eine \u00dcbersetzung: Wichtig: 1. Wenn nichts mehr geht, einfach mal den Regler auf &#8222;Aus&#8220; und Programm neu einstellen. 2. Wenn [&hellip;]<\/p>\n","protected":false},"author":2,"featured_media":0,"parent":0,"menu_order":0,"comment_status":"closed","ping_status":"closed","template":"","meta":[],"_links":{"self":[{"href":"https:\/\/ferienhaus-gerrit.de\/index.php?rest_route=\/wp\/v2\/pages\/102"}],"collection":[{"href":"https:\/\/ferienhaus-gerrit.de\/index.php?rest_route=\/wp\/v2\/pages"}],"about":[{"href":"https:\/\/ferienhaus-gerrit.de\/index.php?rest_route=\/wp\/v2\/types\/page"}],"author":[{"embeddable":true,"href":"https:\/\/ferienhaus-gerrit.de\/index.php?rest_route=\/wp\/v2\/users\/2"}],"replies":[{"embeddable":true,"href":"https:\/\/ferienhaus-gerrit.de\/index.php?rest_route=%2Fwp%2Fv2%2Fcomments&post=102"}],"version-history":[{"count":12,"href":"https:\/\/ferienhaus-gerrit.de\/index.php?rest_route=\/wp\/v2\/pages\/102\/revisions"}],"predecessor-version":[{"id":1123,"href":"https:\/\/ferienhaus-gerrit.de\/index.php?rest_route=\/wp\/v2\/pages\/102\/revisions\/1123"}],"wp:attachment":[{"href":"https:\/\/ferienhaus-gerrit.de\/index.php?rest_route=%2Fwp%2Fv2%2Fmedia&parent=102"}],"curies":[{"name":"wp","href":"https:\/\/api.w.org\/{rel}","templated":true}]}}