{"id":104,"date":"2017-04-25T12:52:28","date_gmt":"2017-04-25T11:52:28","guid":{"rendered":"http:\/\/ferienhaus-gerrit.de\/?page_id=104"},"modified":"2017-10-28T16:04:14","modified_gmt":"2017-10-28T15:04:14","slug":"tulpen","status":"publish","type":"page","link":"https:\/\/ferienhaus-gerrit.de\/?page_id=104","title":{"rendered":"Tulpen"},"content":{"rendered":"<p>Die Tulpen bl\u00fchen von M\u00e4rz bis etwa Mitte Mai.<\/p>\n<p>Danach werden sie gek\u00f6pft.<\/p>\n<p>&nbsp;<\/p>\n<p>&nbsp;<\/p>\n<p>&nbsp;<\/p>\n<p>&nbsp;<\/p>\n","protected":false},"excerpt":{"rendered":"<p>Die Tulpen bl\u00fchen von M\u00e4rz bis etwa Mitte Mai. Danach werden sie gek\u00f6pft. &nbsp; &nbsp; &nbsp; &nbsp;<\/p>\n","protected":false},"author":2,"featured_media":0,"parent":0,"menu_order":0,"comment_status":"closed","ping_status":"closed","template":"","meta":[],"_links":{"self":[{"href":"https:\/\/ferienhaus-gerrit.de\/index.php?rest_route=\/wp\/v2\/pages\/104"}],"collection":[{"href":"https:\/\/ferienhaus-gerrit.de\/index.php?rest_route=\/wp\/v2\/pages"}],"about":[{"href":"https:\/\/ferienhaus-gerrit.de\/index.php?rest_route=\/wp\/v2\/types\/page"}],"author":[{"embeddable":true,"href":"https:\/\/ferienhaus-gerrit.de\/index.php?rest_route=\/wp\/v2\/users\/2"}],"replies":[{"embeddable":true,"href":"https:\/\/ferienhaus-gerrit.de\/index.php?rest_route=%2Fwp%2Fv2%2Fcomments&post=104"}],"version-history":[{"count":8,"href":"https:\/\/ferienhaus-gerrit.de\/index.php?rest_route=\/wp\/v2\/pages\/104\/revisions"}],"predecessor-version":[{"id":297,"href":"https:\/\/ferienhaus-gerrit.de\/index.php?rest_route=\/wp\/v2\/pages\/104\/revisions\/297"}],"wp:attachment":[{"href":"https:\/\/ferienhaus-gerrit.de\/index.php?rest_route=%2Fwp%2Fv2%2Fmedia&parent=104"}],"curies":[{"name":"wp","href":"https:\/\/api.w.org\/{rel}","templated":true}]}}