{"id":223,"date":"2017-05-03T22:12:01","date_gmt":"2017-05-03T21:12:01","guid":{"rendered":"http:\/\/ferienhaus-gerrit.de\/?page_id=223"},"modified":"2021-10-26T20:41:39","modified_gmt":"2021-10-26T19:41:39","slug":"disco","status":"publish","type":"page","link":"https:\/\/ferienhaus-gerrit.de\/?page_id=223","title":{"rendered":"Disco"},"content":{"rendered":"<p>Disco macht man, indem man die Schublade des Geschirrschranks \u00f6ffnet.<br \/>\nDort befindet sich eine RGB-Disco-Gl\u00fchbirne, die man in einen Lampenschirm oder mit ihrem Sockel in eine Steckdose steckt. Das Wei\u00dflicht bekommt man daraufhin weg, indem man das Gewinde der Birne zur\u00fcckdreht. Dann schaltet sich das Dico-Licht an.<br \/>\nJetzt die passende CD einlegen oder den Sender <em>Arrow Classic Rock<\/em> suchen.<br \/>\nDas kann Alexa \u00fcbernehmen: Sagen Sie laut: \u201eAlexa, spiele den Radiosender Arrow Classic Rock!&#8220;<br \/>\nCouchtisch wegr\u00e4umen und die Tanzfl\u00e4che ist frei.<\/p>\n<p>\u00dcbrigens, es gibt ganz in der N\u00e4he, auf dem Belkmeerweg (etwa 15. Min. zu Fu\u00df) die Diskothek &#8222;Dansen bij Franssen.&#8220;<br \/>\nAuch sch\u00f6n.<\/p>\n","protected":false},"excerpt":{"rendered":"<p>Disco macht man, indem man die Schublade des Geschirrschranks \u00f6ffnet. Dort befindet sich eine RGB-Disco-Gl\u00fchbirne, die man in einen Lampenschirm oder mit ihrem Sockel in eine Steckdose steckt. Das Wei\u00dflicht bekommt man daraufhin weg, indem man das Gewinde der Birne zur\u00fcckdreht. Dann schaltet sich das Dico-Licht an. Jetzt die passende CD einlegen oder den Sender [&hellip;]<\/p>\n","protected":false},"author":1,"featured_media":0,"parent":0,"menu_order":0,"comment_status":"closed","ping_status":"closed","template":"","meta":[],"_links":{"self":[{"href":"https:\/\/ferienhaus-gerrit.de\/index.php?rest_route=\/wp\/v2\/pages\/223"}],"collection":[{"href":"https:\/\/ferienhaus-gerrit.de\/index.php?rest_route=\/wp\/v2\/pages"}],"about":[{"href":"https:\/\/ferienhaus-gerrit.de\/index.php?rest_route=\/wp\/v2\/types\/page"}],"author":[{"embeddable":true,"href":"https:\/\/ferienhaus-gerrit.de\/index.php?rest_route=\/wp\/v2\/users\/1"}],"replies":[{"embeddable":true,"href":"https:\/\/ferienhaus-gerrit.de\/index.php?rest_route=%2Fwp%2Fv2%2Fcomments&post=223"}],"version-history":[{"count":7,"href":"https:\/\/ferienhaus-gerrit.de\/index.php?rest_route=\/wp\/v2\/pages\/223\/revisions"}],"predecessor-version":[{"id":791,"href":"https:\/\/ferienhaus-gerrit.de\/index.php?rest_route=\/wp\/v2\/pages\/223\/revisions\/791"}],"wp:attachment":[{"href":"https:\/\/ferienhaus-gerrit.de\/index.php?rest_route=%2Fwp%2Fv2%2Fmedia&parent=223"}],"curies":[{"name":"wp","href":"https:\/\/api.w.org\/{rel}","templated":true}]}}