{"id":226,"date":"2017-05-03T22:33:52","date_gmt":"2017-05-03T21:33:52","guid":{"rendered":"http:\/\/ferienhaus-gerrit.de\/?page_id=226"},"modified":"2021-04-01T19:36:29","modified_gmt":"2021-04-01T18:36:29","slug":"abfahrt","status":"publish","type":"page","link":"https:\/\/ferienhaus-gerrit.de\/?page_id=226","title":{"rendered":"Abfahrt"},"content":{"rendered":"<ul>\n<li>Packen, bitte auch K\u00fchlschrank leer machen<\/li>\n<li>Bettw\u00e4sche abziehen<\/li>\n<li>Aufr\u00e4umen, Zur\u00fcckbauen, Gartentisch, St\u00fchle, W\u00e4nde und Alexa an die Ursprungsorte zur\u00fcck, Leergut entsorgen, Papierk\u00f6rbe leeren<\/li>\n<li>Fegen<\/li>\n<li>evtl. Kamin sauber machen, Feuerschale und Grill<\/li>\n<li>Sonnenschirm, Auflagen, Fahrr\u00e4der ins Gartenhaus<\/li>\n<li>Gartenhaus und Sauna abschlie\u00dfen, Schl\u00fcssel ans Vogelhaus im Flur<\/li>\n<li>Sp\u00fclmaschine ausr\u00e4umen (zeitig anstellen!)<\/li>\n<li>Schauen, ob die Ofenklappe zu ist<\/li>\n<li>Letzten Rundgang machen<\/li>\n<li>Heizung auf 14 Grad stellen<\/li>\n<li>K\u00fchlschr\u00e4nke anlassen<\/li>\n<li>Terrassent\u00fcr: Hebel nach oben<\/li>\n<li>Vorh\u00e4nge zuziehen<\/li>\n<li>Haus abschlie\u00dfen und alle Schl\u00fcssel im Mastersafe au\u00dfen am Haus wegschlie\u00dfen<\/li>\n<li>Gute Reise!<\/li>\n<\/ul>\n","protected":false},"excerpt":{"rendered":"<p>Packen, bitte auch K\u00fchlschrank leer machen Bettw\u00e4sche abziehen Aufr\u00e4umen, Zur\u00fcckbauen, Gartentisch, St\u00fchle, W\u00e4nde und Alexa an die Ursprungsorte zur\u00fcck, Leergut entsorgen, Papierk\u00f6rbe leeren Fegen evtl. Kamin sauber machen, Feuerschale und Grill Sonnenschirm, Auflagen, Fahrr\u00e4der ins Gartenhaus Gartenhaus und Sauna abschlie\u00dfen, Schl\u00fcssel ans Vogelhaus im Flur Sp\u00fclmaschine ausr\u00e4umen (zeitig anstellen!) Schauen, ob die Ofenklappe zu ist [&hellip;]<\/p>\n","protected":false},"author":1,"featured_media":0,"parent":0,"menu_order":0,"comment_status":"closed","ping_status":"closed","template":"","meta":[],"_links":{"self":[{"href":"https:\/\/ferienhaus-gerrit.de\/index.php?rest_route=\/wp\/v2\/pages\/226"}],"collection":[{"href":"https:\/\/ferienhaus-gerrit.de\/index.php?rest_route=\/wp\/v2\/pages"}],"about":[{"href":"https:\/\/ferienhaus-gerrit.de\/index.php?rest_route=\/wp\/v2\/types\/page"}],"author":[{"embeddable":true,"href":"https:\/\/ferienhaus-gerrit.de\/index.php?rest_route=\/wp\/v2\/users\/1"}],"replies":[{"embeddable":true,"href":"https:\/\/ferienhaus-gerrit.de\/index.php?rest_route=%2Fwp%2Fv2%2Fcomments&post=226"}],"version-history":[{"count":10,"href":"https:\/\/ferienhaus-gerrit.de\/index.php?rest_route=\/wp\/v2\/pages\/226\/revisions"}],"predecessor-version":[{"id":722,"href":"https:\/\/ferienhaus-gerrit.de\/index.php?rest_route=\/wp\/v2\/pages\/226\/revisions\/722"}],"wp:attachment":[{"href":"https:\/\/ferienhaus-gerrit.de\/index.php?rest_route=%2Fwp%2Fv2%2Fmedia&parent=226"}],"curies":[{"name":"wp","href":"https:\/\/api.w.org\/{rel}","templated":true}]}}