{"id":231,"date":"2017-05-04T14:43:50","date_gmt":"2017-05-04T13:43:50","guid":{"rendered":"http:\/\/ferienhaus-gerrit.de\/?page_id=231"},"modified":"2021-10-06T10:34:52","modified_gmt":"2021-10-06T09:34:52","slug":"markttage","status":"publish","type":"page","link":"https:\/\/ferienhaus-gerrit.de\/?page_id=231","title":{"rendered":"Markttage"},"content":{"rendered":"<p>In <strong>Schagen<\/strong> ist donnerstags bis 15 Uhr Wochenmarkt.<\/p>\n<p>In <strong>Alkmaar<\/strong> ist von Anfang April bis Ende September jeden Freitag von 10:00-13:00 Uhr K\u00e4semarkt.<\/p>\n<p>In <strong>Amsterdam<\/strong> hat es nat\u00fcrlich allerhand M\u00e4rkte. Hier eine \u00dcbersicht:<br \/>\n<a href=\"https:\/\/amsterdam.org\/de\/markte.php\" target=\"_blank\" rel=\"noopener noreferrer\">https:\/\/amsterdam.org\/de\/markte.php<\/a><br \/>\nDer gr\u00f6\u00dfte Flohmarkt Europas ist ebenfalls in Amsterdam:<br \/>\n<a href=\"https:\/\/ijhallen.nl\/\" target=\"_blank\" rel=\"noopener noreferrer\">https:\/\/ijhallen.nl\/<\/a><\/p>\n","protected":false},"excerpt":{"rendered":"<p>In Schagen ist donnerstags bis 15 Uhr Wochenmarkt. In Alkmaar ist von Anfang April bis Ende September jeden Freitag von 10:00-13:00 Uhr K\u00e4semarkt. In Amsterdam hat es nat\u00fcrlich allerhand M\u00e4rkte. Hier eine \u00dcbersicht: https:\/\/amsterdam.org\/de\/markte.php Der gr\u00f6\u00dfte Flohmarkt Europas ist ebenfalls in Amsterdam: https:\/\/ijhallen.nl\/<\/p>\n","protected":false},"author":2,"featured_media":0,"parent":0,"menu_order":0,"comment_status":"closed","ping_status":"closed","template":"","meta":[],"_links":{"self":[{"href":"https:\/\/ferienhaus-gerrit.de\/index.php?rest_route=\/wp\/v2\/pages\/231"}],"collection":[{"href":"https:\/\/ferienhaus-gerrit.de\/index.php?rest_route=\/wp\/v2\/pages"}],"about":[{"href":"https:\/\/ferienhaus-gerrit.de\/index.php?rest_route=\/wp\/v2\/types\/page"}],"author":[{"embeddable":true,"href":"https:\/\/ferienhaus-gerrit.de\/index.php?rest_route=\/wp\/v2\/users\/2"}],"replies":[{"embeddable":true,"href":"https:\/\/ferienhaus-gerrit.de\/index.php?rest_route=%2Fwp%2Fv2%2Fcomments&post=231"}],"version-history":[{"count":3,"href":"https:\/\/ferienhaus-gerrit.de\/index.php?rest_route=\/wp\/v2\/pages\/231\/revisions"}],"predecessor-version":[{"id":786,"href":"https:\/\/ferienhaus-gerrit.de\/index.php?rest_route=\/wp\/v2\/pages\/231\/revisions\/786"}],"wp:attachment":[{"href":"https:\/\/ferienhaus-gerrit.de\/index.php?rest_route=%2Fwp%2Fv2%2Fmedia&parent=231"}],"curies":[{"name":"wp","href":"https:\/\/api.w.org\/{rel}","templated":true}]}}

<p>In <strong>Schagen</strong> ist donnerstags bis 15 Uhr Wochenmarkt.</p>
<p>In <strong>Alkmaar</strong> ist von Anfang April bis Ende September jeden Freitag von 10:00-13:00 Uhr Käsemarkt.</p>
<p>In <strong>Amsterdam</strong> hat es natürlich allerhand Märkte. Hier eine Übersicht:<br />
<a href="https://amsterdam.org/de/markte.php" target="_blank" rel="noopener noreferrer">https://amsterdam.org/de/markte.php</a><br />
Der größte Flohmarkt Europas ist ebenfalls in Amsterdam:<br />
<a href="https://ijhallen.nl/" target="_blank" rel="noopener noreferrer">https://ijhallen.nl/</a></p>

<p>In Schagen ist donnerstags bis 15 Uhr Wochenmarkt. In Alkmaar ist von Anfang April bis Ende September jeden Freitag von 10:00-13:00 Uhr Käsemarkt. In Amsterdam hat es natürlich allerhand Märkte. Hier eine Übersicht: https://amsterdam.org/de/markte.php Der größte Flohmarkt Europas ist ebenfalls in Amsterdam: https://ijhallen.nl/</p>
