{"id":36,"date":"2016-11-21T20:35:58","date_gmt":"2016-11-21T19:35:58","guid":{"rendered":"http:\/\/ferienhaus-gerrit.de\/?page_id=36"},"modified":"2021-04-01T20:53:27","modified_gmt":"2021-04-01T19:53:27","slug":"stehlampe","status":"publish","type":"page","link":"https:\/\/ferienhaus-gerrit.de\/?page_id=36","title":{"rendered":"Stehlampe"},"content":{"rendered":"<p>Stehlampe &#8222;Fuga&#8220;, von Ikea.<\/p>\n<p>Sie ist insgesamt 1,70 m hoch, der schwere quadratische Lampenfu\u00df hat die Ma\u00dfe 22 x 22 cm. Die beiden verstellbaren Spotlights haben einen verchromten Stahlschirm, die quadratische Fassung bemisst\u00a014,3 x 14,8\u00a0cm und besteht aus Glas. \u00dcber einen Fu\u00dfschalter ist die Beleuchtungsst\u00e4rke dimmbar. Laut Ikea ist die Leuchte geeignet f\u00fcr Leuchtmittel der Energieklassen: A++ bis D. Die Lampe kann zwar leicht auseinandergebaut werden, ist aber doch eher sperrig und der Fu\u00df sehr schwer.<\/p>\n<p>Zuletzt zerst\u00f6rt im November 2016<\/p>\n<p>Nachgekauft im Januar 2017<\/p>\n","protected":false},"excerpt":{"rendered":"<p>Stehlampe &#8222;Fuga&#8220;, von Ikea. Sie ist insgesamt 1,70 m hoch, der schwere quadratische Lampenfu\u00df hat die Ma\u00dfe 22 x 22 cm. Die beiden verstellbaren Spotlights haben einen verchromten Stahlschirm, die quadratische Fassung bemisst\u00a014,3 x 14,8\u00a0cm und besteht aus Glas. \u00dcber einen Fu\u00dfschalter ist die Beleuchtungsst\u00e4rke dimmbar. Laut Ikea ist die Leuchte geeignet f\u00fcr Leuchtmittel der [&hellip;]<\/p>\n","protected":false},"author":2,"featured_media":0,"parent":0,"menu_order":0,"comment_status":"closed","ping_status":"closed","template":"","meta":[],"_links":{"self":[{"href":"https:\/\/ferienhaus-gerrit.de\/index.php?rest_route=\/wp\/v2\/pages\/36"}],"collection":[{"href":"https:\/\/ferienhaus-gerrit.de\/index.php?rest_route=\/wp\/v2\/pages"}],"about":[{"href":"https:\/\/ferienhaus-gerrit.de\/index.php?rest_route=\/wp\/v2\/types\/page"}],"author":[{"embeddable":true,"href":"https:\/\/ferienhaus-gerrit.de\/index.php?rest_route=\/wp\/v2\/users\/2"}],"replies":[{"embeddable":true,"href":"https:\/\/ferienhaus-gerrit.de\/index.php?rest_route=%2Fwp%2Fv2%2Fcomments&post=36"}],"version-history":[{"count":6,"href":"https:\/\/ferienhaus-gerrit.de\/index.php?rest_route=\/wp\/v2\/pages\/36\/revisions"}],"predecessor-version":[{"id":766,"href":"https:\/\/ferienhaus-gerrit.de\/index.php?rest_route=\/wp\/v2\/pages\/36\/revisions\/766"}],"wp:attachment":[{"href":"https:\/\/ferienhaus-gerrit.de\/index.php?rest_route=%2Fwp%2Fv2%2Fmedia&parent=36"}],"curies":[{"name":"wp","href":"https:\/\/api.w.org\/{rel}","templated":true}]}}

<p>Stehlampe &#8222;Fuga&#8220;, von Ikea.</p>
<p>Sie ist insgesamt 1,70 m hoch, der schwere quadratische Lampenfuß hat die Maße 22 x 22 cm. Die beiden verstellbaren Spotlights haben einen verchromten Stahlschirm, die quadratische Fassung bemisst 14,3 x 14,8 cm und besteht aus Glas. Über einen Fußschalter ist die Beleuchtungsstärke dimmbar. Laut Ikea ist die Leuchte geeignet für Leuchtmittel der Energieklassen: A++ bis D. Die Lampe kann zwar leicht auseinandergebaut werden, ist aber doch eher sperrig und der Fuß sehr schwer.</p>
<p>Zuletzt zerstört im November 2016</p>
<p>Nachgekauft im Januar 2017</p>

<p>Stehlampe &#8222;Fuga&#8220;, von Ikea. Sie ist insgesamt 1,70 m hoch, der schwere quadratische Lampenfuß hat die Maße 22 x 22 cm. Die beiden verstellbaren Spotlights haben einen verchromten Stahlschirm, die quadratische Fassung bemisst 14,3 x 14,8 cm und besteht aus Glas. Über einen Fußschalter ist die Beleuchtungsstärke dimmbar. Laut Ikea ist die Leuchte geeignet für Leuchtmittel der [&hellip;]</p>
